nder when g is divided by 86?
49
Let x(k) = -k**2 - 3*k + 156. Let b(v) = -v**2 + 17*v + 17. Calculate the remainder when x(0) is divided by b(15).
15
Suppose -4*c - 13*c + 3611 = 6*c. What is the remainder when 1424 is divided by c?
11
Suppose -54*a = -16793 + 4319. What is the remainder when a is divided by 20?
11
Let g = -7151 - -7760. What is the remainder when g is divided by 129?
93
Let a = 20110 - 20097. What is the remainder when 16858 is divided by a?
10
Suppose 0 = 10*k - 2534 - 7056. Suppose 18*x = k - 77. Calculate the remainder when x is divided by 14.
7
Suppose 4*c - f = -44, -5*c - 29 - 47 = 4*f. Let l be 76/(-5)*30/c. Let p = -9 + l. What is the remainder when p is divided by 5?
4
Let v(j) = -10*j - 24. Let k be v(-6). Let n be (-2)/(-12) + (-114)/k + 47. Let z = -8 + n. Calculate the remainder when 143 is divided by z.
35
Suppose -4*b = 16, -4*a - 12*b = -13*b - 9888. Calculate the remainder when a is divided by 6.
5
Suppose -26*o - 49*o + 98413 = 44*o. What is the remainder when o is divided by 18?
17
Suppose -3*g - 143 = -197. Suppose -31*t = -g*t - 2041. What is the remainder when t is divided by 16?
13
Let v(w) = -3*w - 32. Let m be v(-10). Let x(u) = u**3 + 3*u**2 - 3*u - 1. Calculate the remainder when 14 is divided by x(m).
5
Let o(a) = a**3 - 64*a + 9. Let w be o(-8). Calculate the remainder when 2378/116 - (-2 + w/2) is divided by 4.
2
Suppose -5*h + 9*l + 454 = 8*l, -3*l - 166 = -2*h. Calculate the remainder when 7357 is divided by h.
89
Let i = 37 + -35. Let f be (i + 3)*-1*-1. Suppose 2*v = -3*v - f*x + 55, 5*x + 105 = 5*v. Calculate the remainder when 30 is divided by v.
14
Suppose 36 = 11*s - 52. Calculate the remainder when 167 is divided by (34/s)/((15/24)/5).
31
Suppose 3*j = -3*f, 4*j + 5 = 3*j - 2*f. Suppose -1 + 41 = j*v. Calculate the remainder when 18/(-72) - (-1290)/v is divided by 41.
38
Let y = -208 + 199. Calculate the remainder when 105 is divided by (-24)/(-18)*(0 - y).
9
Suppose 3*v + 15 = 0, -5*h + v + 540 = 6*v. What is the remainder when h is divided by ((-6831)/(-495))/(6/10)?
21
Suppose -4*c = -i - 10662, -15*i = 4*c - 17*i - 10664. Calculate the remainder when c is divided by 58.
55
Let q(k) = k**2 - 44*k - 75. Let p be q(32). Let n = -161 - p. What is the remainder when n is divided by 50?
48
Let v(z) = -6*z - 76. Suppose -8 - 76 = 6*l. What is the remainder when 30 is divided by v(l)?
6
Suppose 0 = 716*t - 690*t - 28262. What is the remainder when t is divided by 309?
160
Suppose 5*l + 0*i - 2*i + 22 = 0, -3*i - 12 = 0. Calculate the remainder when l/(-4)*(56/4 + 2) is divided by 9.
6
Let b(g) = -8*g. Let u = 301 + -201. Suppose 5*i - u = -5*r + 30, 120 = 5*i + 3*r. Calculate the remainder when i is divided by b(-1).
5
Let c(u) = -u**2 - 4*u - 6. Let j be c(-4). Let f = j - -11. Suppose 7*p - 8 = f*p. Calculate the remainder when p is divided by 3.
1
Let y = -6223 - -6335. What is the remainder when 406 is divided by y?
70
Let v(j) = -j**3 - 6*j**2 + 3*j - 3. Let g(i) = -39*i - 140. Calculate the remainder when g(-6) is divided by v(-7).
19
Suppose 0 = 33*h - 2*h - 0*h - 6603. What is the remainder when h is divided by (-20)/16*-4 + 4?
6
Suppose -8 = 2*l, 0*l - 2*l + 367 = -5*x. What is the remainder when 10 is divided by 160/x - -2 - 248/(-60)?
2
Let c be 1508/(-18) + ((-112)/36)/14. What is the remainder when (-256)/c*117 + (-3)/(-7) is divided by 18?
15
Suppose 6 = a + 1. Suppose 63 = 3*j + 5*g, -a*j = g - 46 - 37. Calculate the remainder when j/12 - 25/(-15) is divided by 2.
1
Let o(c) = -14*c**2 + 5*c + 14*c**2 - 5 - 2 + 2*c**2. Calculate the remainder when 21 is divided by o(2).
10
Let h(z) = -305*z + 47. Calculate the remainder when 1406 is divided by h(0).
43
Let m(k) = k**3 - k**2 - 4*k - 3. Let v be m(3). Suppose 8*d = v*q + 9*d - 168, -4*d = -3*q + 183. What is the remainder when 340 is divided by q?
55
Suppose 4*z - 9*z = -10. Suppose -8 = -5*d + z. Suppose -d = -2*u + 50. Calculate the remainder when 101 is divided by u.
23
Let q(f) = 7*f**2 + 129*f + 26. Calculate the remainder when q(6) is divided by 34.
32
Let a be 1165/35 + (-2)/7 + -1. Suppose 0 = a*t - 8*t - 5616. Calculate the remainder when t is divided by 16.
10
Suppose -3*o - 2*q = -834, -o - 3*q = -36 - 235. Suppose -20*v + 25*v = o. What is the remainder when 60 is divided by v?
4
Suppose 5*l = -t + 56, l - 98 = -23*t + 20*t. What is the remainder when (-2118)/(-18) + (-2)/3 is divided by t?
24
Let m(g) = 21*g**2 - 1114*g + 132. What is the remainder when 2472 is divided by m(53)?
23
Let n(d) = d**3 + 60*d**2 + 431*d + 4. Calculate the remainder when n(-51) is divided by 13.
2
Let z = 425 - 413. Suppose -z*g = -5*g - 287. Calculate the remainder when g is divided by 17.
7
Let j(p) = -p**3 - 5*p**2 + 6*p + 22. Let n be (-10 - -1) + (1 - -2). Let m(b) = b**2 + 5. Calculate the remainder when m(n) is divided by j(-6).
19
Suppose 5*w = 5*r - 35415, 2*w + 5664 = r - 1425. Calculate the remainder when r is divided by 12.
9
What is the remainder when 521 is divided by -3 + 253 - (-13)/(52/(-36))?
39
Let k = 1775 + -1208. Suppose -12*t + k = 9*t. Calculate the remainder when 429 is divided by t.
24
Let z = -26619 + 27003. Calculate the remainder when z is divided by 62.
12
Let f(u) = 1939*u - 14271. Calculate the remainder when f(8) is divided by 68.
17
Suppose 18*h - 7410 = -17*h + 4840. What is the remainder when h is divided by 40?
30
Let p(h) = -74 - 2*h + 170 - 72. Calculate the remainder when p(-6) is divided by (-273)/14*2/(-3).
10
Let s = 184 - 121. Let y = -43 + s. What is the remainder when 39 is divided by y?
19
Let g(f) = -f**3 + 8*f**2 + 45*f + 3. Let k be g(12). Suppose 0 = -0*l + 2*l - 80. Let a = l + k. What is the remainder when 12 is divided by a?
5
Let u be ((-42)/(-28))/(2/(-28)). Let b be (u + 20)*2/(-1). Let p = 23 - b. What is the remainder when 60 is divided by p?
18
Let v = 30563 + -30546. Calculate the remainder when 77 is divided by v.
9
Suppose 4*h - 870 = -2*x, -633 = -3*h + 8*x - 3*x. Let i = h + -191. Calculate the remainder when 78 is divided by i.
3
Calculate the remainder when 488 is divided by 16614/78*(1 - -1) - (3 - 3).
62
Let y = 4 + -13. What is the remainder when 114 is divided by y*-16*5/30?
18
Let u(t) = -12*t + 117. What is the remainder when u(-45) is divided by 11?
8
Let g(p) = -25*p + 36. Let a be (-114)/(-12) - 2/(8/(-2)). Suppose -2*j = a, -4*i + 3*j = -5*i - 20. What is the remainder when g(i) is divided by 41?
38
Suppose 3*i = 0, -2*s - 5*i = 992 + 940. Calculate the remainder when 264 is divided by ((-1)/3)/(-1 + s/(-972)).
48
Let q = -2446 + 2833. What is the remainder when 393 is divided by q?
6
Let h = 31 - 18. Suppose h*c - 884 = -273. What is the remainder when 137 is divided by c?
43
Suppose 4*z + 5*y - 2058 = 0, 15*z = 18*z - 5*y - 1526. Suppose -4*h - 8 = -2*j + 38, -h = -4*j + 106. What is the remainder when z is divided by j?
26
Let b be (2 + -1)/((-2)/(-2)) - 131. Let o = 188 + b. Calculate the remainder when 121 is divided by o/(-4)*-2 - (7 - 9).
28
Suppose -29 = -4*k - c, -22 = -3*k + k + 2*c. Let u = 511927 + -511784. Calculate the remainder when u is divided by k.
7
Suppose 2*q - 5*o - 146 + 21 = 0, -4*o = -4*q + 220. Suppose -22*y = 18*y - 67*y + 486. What is the remainder when q is divided by y?
14
Suppose -26*c + 39*c - 688 = -103. Suppose 3*u + 5*p - 664 = 0, 3*p + 0 + 3 = 0. What is the remainder when u is divided by c?
43
Let b(t) = 2*t**3 - 7*t**2 - 19*t - 18. What is the remainder when 2927 is divided by b(6)?
47
Suppose -76*s = -81*s - 4*c + 1, 3*c + 8 = -2*s. Calculate the remainder when 3413 is divided by s.
3
Calculate the remainder when (-33)/(7 + (11775/110)/(-15)) + 0 is divided by 29.
10
Let f(i) = 22*i**2 + 4*i + 46*i**3 - 45*i**3 - 49 - 27*i**2. What is the remainder when f(6) is divided by 5?
1
Suppose -4*j = -82 - 42. What is the remainder when (-8 - -12 - 9/(-27)*-9)*133 is divided by j?
9
Let b = 10532 - 10419. Calculate the remainder when b is divided by 2.
1
Suppose -4*u - 19*u + 252 = -2*u. Suppose -7*g + 3*g + 188 = 0. What is the remainder when g is divided by u?
11
Let w(p) = -2*p**2 + 4*p + 17. Let h be w(10). Let m = h - -161. What is the remainder when 124 is divided by m?
16
Suppose 3 = -3*o + 2*o - 5*j, 0 = -4*j - 20. Let